h(n) = 2*n - 3 + n**2 + 4*n - 2*n**2. What is the units digit of h(l)?
5
Let q(w) = 2*w**2 - 4*w + 2. Let u be q(2). What is the tens digit of ((-34)/(-8))/(u/8)?
1
Let p(h) = 0*h - 2*h + 11*h**2 + 2*h. What is the tens digit of p(-1)?
1
Let x = 0 + 0. Let g = x + 4. What is the units digit of 8 - (1 - g/2)?
9
Let r = 3 - 3. Let w be 3 + r + 10 + -1. Suppose 5*h = w + 73. What is the units digit of h?
7
Let o(x) be the first derivative of -x**2/2 + x - 2. What is the units digit of o(0)?
1
What is the hundreds digit of (47/(-4) + 1)/((-5)/100)?
2
Let d = -2 + -7. Let g be 6/d*(-3)/(-1). What is the units digit of g/7 - 30/(-7)?
4
Let q(j) = 2*j**3 - 2*j**3 + j**3 - 3 - 1 - j**2 + 5*j. What is the units digit of q(3)?
9
Let f(c) = 3*c**2 + 3*c + 21. What is the units digit of f(-6)?
1
Let h be (-10)/(-3)*(-36)/(-10). Suppose 2*m + m - h = 0. Suppose -8 = -m*g - 0*g. What is the units digit of g?
2
Let f be 3/6 - (-3)/(-6). Let r = f - -15. What is the tens digit of r?
1
Let u(w) = -3*w - 2*w + 4*w + 10. What is the tens digit of u(0)?
1
Let o(i) = i**3 - 5*i**2 - 11*i + 6. Let t be o(7). Suppose -24 = -2*c - 4*h, 4*c + 3*h + 4 - t = 0. Suppose -c*f = -14 + 2. What is the units digit of f?
6
Let d(t) = 2*t**2 - 3*t + 2. Let f be d(2). Suppose -l - 2*w = -16, w + w - 82 = -f*l. What is the tens digit of l?
2
Let d(v) = -v**2 - 28*v - 47. What is the hundreds digit of d(-20)?
1
Let z = 7 + -5. Suppose -z*r = 2*r - 20. What is the units digit of r?
5
Suppose 4*r = 5*u - 92, -58 = -3*u + 2*r - r. What is the tens digit of u?
2
What is the hundreds digit of (4/4 - -335) + 2/1?
3
Suppose 3*o = 5*o - 22. Suppose 0 = 2*s - o - 47. What is the units digit of s?
9
Suppose 0 = i + i + 3*x + 9, i = 5*x + 15. Suppose i = -4*p + 36 + 12. What is the tens digit of p?
1
Let u(l) = -l**3 + 2*l**2 + 2*l. Let t be u(3). Let c = t - -5. What is the units digit of c?
2
Let p(f) be the third derivative of -7*f**4/6 - 8*f**2. What is the units digit of p(-2)?
6
Let d(p) = -2*p**3 - 6*p**2 + p + 10. What is the tens digit of d(-5)?
0
Let j be ((-2)/(-3))/(4/18). Suppose j*l - 21 - 9 = 0. What is the tens digit of l?
1
Let a be (2/(-6))/((-1)/3). Let g = 36 - a. Suppose v = -5*w + 6*v + g, -3*w + 2*v = -21. What is the units digit of w?
7
Let q = -19 + 96. What is the tens digit of q?
7
Suppose -137 = -k - k - 3*w, 4*k = -2*w + 254. What is the tens digit of k?
6
Let x(s) = -s**3 - 10*s**2 - 10*s - 7. Suppose u + 2 = 2*v, -25 = -4*v - 5. Suppose 0 = -5*y - 53 + u. What is the units digit of x(y)?
2
Suppose -3*u + 7*u = 1764. What is the hundreds digit of u?
4
Let w(b) = 27*b - 1. Let d be w(-1). Let f = d + 40. What is the units digit of f?
2
Suppose -59 = -r + 2*n, 5*n = -r - 2*r + 177. What is the units digit of r?
9
Let d be ((-40)/25)/((-2)/5). Suppose -2*n + 4*v = -38, 4*n - d*v - 97 = -29. What is the tens digit of n?
1
Let u(c) = 3*c + 4 - 4*c**2 - c**2 - 5*c**3 + c**2 - 7*c. Let j(i) = -6*i**3 - 5*i**2 - 5*i + 3. Let g(n) = -4*j(n) + 5*u(n). What is the units digit of g(0)?
8
Suppose 1275 = 12*f - 1329. What is the tens digit of f?
1
Let u be -2 + 1 - (-75 + 2). Suppose -3*a = -0*a - u. What is the units digit of a?
4
Suppose 2*f - 10 + 67 = -3*y, 0 = -5*f + y - 134. Let p = f - -34. What is the units digit of p?
7
Suppose 8 = 3*z - z. Let c = z - 2. What is the units digit of c*((-1 - 1) + 3)?
2
What is the tens digit of (3 - (-1413)/21) + 8/(-28)?
7
Suppose 3*n - 3*b - 9 = 0, 3*n = -4*b + 2*b + 14. Suppose -n = t - 2*t. What is the units digit of t?
4
Let w = 125 + -493. What is the units digit of w/(-36) - 4/18?
0
Suppose c - 4*v = 148, -5*c + 0*c - 4*v = -692. What is the units digit of c?
0
Let g be 3 + 0 + -1 + 3. Suppose 25 = g*i - 5*f, -4*i + f + 43 = 11. What is the units digit of i?
9
Let a = -8 - -12. Let l(u) = u**3 - 2*u**2 - 5*u + 1. What is the units digit of l(a)?
3
Let f = -21 - -58. Let v = -15 + f. What is the units digit of v?
2
Let k be ((-12)/(-10))/(3/(-30)). What is the units digit of ((-40)/k)/(1/3)?
0
Let w(j) = -j**3 - 4*j**2 + 4*j - 1. Suppose 2*o + 3*o = 0. Suppose -25 = -o*p + 5*p. What is the units digit of w(p)?
4
Suppose -2*g = -g - 3. Suppose -g*w + 17 = 2*z - 2, 0 = 4*z + 4*w - 36. What is the units digit of z?
8
Let w(y) = -406 + 406 + y + 2*y**2. Suppose 2*l - 2*z = 5*l + 10, -6 = 4*l - z. What is the units digit of w(l)?
6
Let v = -3 + 8. Let b(w) = -5*w**3 + 11*w - 13. Let c(p) = -p**3 + p**2 + p - 1. Let d(r) = -b(r) + 6*c(r). What is the units digit of d(v)?
7
Let z(a) = 6*a**3 - 2*a**2 + a - 1. Let r be z(2). Suppose 2*h = 5*v + r, 0*h = h + 2. What is the units digit of (2/3)/((-6)/v)?
1
Suppose 0 = -4*h - 8 + 256. Suppose 5*z - 13 = -5*w + h, 0 = -w - 3*z + 21. What is the units digit of w?
2
Let f(k) = k**2 + 7*k. Let y = -10 - -5. Let o be f(y). What is the units digit of o/(-14) - (-2)/7?
1
Suppose m + 5*c - c + 18 = 0, 0 = -m - 2*c - 10. What is the tens digit of (-6 - -4)*13/m?
1
Let v = 8 - 8. Suppose v = -2*n + 4*y + 20, -3*n - 5*y = -0*y + 14. What is the units digit of n?
2
Let i = 3 - 1. Suppose s - i - 3 = 0. What is the units digit of s?
5
Let k(z) = 51*z**2 + 2. What is the tens digit of k(1)?
5
Suppose 0 = 2*y - 4*d + 2*d - 250, 2*y + 2*d = 238. What is the units digit of y?
2
Let k(w) = w. Let s be k(-1). Let z be s*86*3/(-6). Suppose z - 3 = 5*o. What is the units digit of o?
8
Let r = -16 + 73. Let y be 1/(0 + 1/5). Suppose -y*h + 33 = -r. What is the units digit of h?
8
Let c(b) = b**3 - 6*b**2 + 2*b - 9. Let k be c(6). Let l(d) be the third derivative of d**5/60 - d**4/24 - d**3/6 - 2*d**2. What is the units digit of l(k)?
5
Let n(l) = -l**3 - 4*l**2 + 5*l - 6. Let z be -2*((-10)/(-4) - 0). Let b be n(z). What is the units digit of b/4*(-32)/12?
4
Let s(v) = -v**3 - 4*v**2 + v + 3. Let c be s(-4). Let r = 4 - 2. What is the tens digit of r + 13 + c + -1?
1
Let a be -4*(-2)/((-24)/(-9)). Suppose -3*x - 50 = -4*q, a*q - 2*x - 49 = -12. What is the units digit of q?
1
Suppose -166 = -2*m + 2*o, -4*m + o = -0*o - 323. Suppose -r - m = -6*r. Suppose 2*p - r = p. What is the tens digit of p?
1
Suppose 0 = 4*o - x - 16, 3*o - 2*o + 4*x - 21 = 0. Suppose 4*a = 4, 0 = -5*b - a + o*a + 61. What is the tens digit of b?
1
What is the units digit of ((-2)/5)/(1/(-5))?
2
Let d = 29 - 18. Let b = -8 + d. Suppose -7*o + 40 = -b*o. What is the tens digit of o?
1
Let a(i) be the second derivative of i**4/12 + i**3/3 + i**2/2 + 3*i. Let r be a(5). Suppose r = 5*h - 4. What is the units digit of h?
8
Suppose -1610 = -5*w + 3*c, 2*c + 2*c - 20 = 0. What is the hundreds digit of w?
3
Let d(o) = -o - 14. Let m(z) = 5. Let h(v) = -4*d(v) - 11*m(v). Let x be h(-3). Let i = x + 22. What is the tens digit of i?
1
Let c(a) = 22*a**3 + a**2 + 1. Let y(i) = 22*i**3 + i**2 + i + 1. Let u(v) = 3*c(v) - 2*y(v). Let k be u(1). Let t = k + -13. What is the units digit of t?
9
Let c = 185 - 105. Suppose -11 = 3*x - c. What is the units digit of x?
3
Suppose -4*c - 3 = -35. Let v be c*-4*(2 - 1). Let x = v - -46. What is the tens digit of x?
1
Let a = -3 + -3. Let d be (-21)/14*8/a. Let s(k) = k**3 - k**2 + 4*k - 3. What is the units digit of s(d)?
9
Suppose -n - 24 = -2*n. Let a = -14 + n. What is the tens digit of a?
1
Let m(z) = 3*z + 2. Let c(o) = o. Let n(j) = -5*c(j) - m(j). Let q be n(-3). Suppose 2*f + q = -p + 4*p, f + 20 = 3*p. What is the units digit of p?
6
Let i(g) = -g - 9. Let h be i(-8). Let x be ((-10)/15)/(h/3). Let v = x - 0. What is the units digit of v?
2
Suppose 2*j + 0*j = 3*w - 250, 0 = 5*w - j - 426. What is the tens digit of w?
8
Suppose -7*w = -w - 870. What is the hundreds digit of w?
1
Let i(o) = o - 5. Let f be i(9). Let b = f + -2. Suppose -b*q + 6 = -8. What is the units digit of q?
7
Suppose 2*z = -5*l + 86, -z - 2 = l - 18. What is the units digit of l?
8
Suppose 3*m + 14 = 113. What is the tens digit of m?
3
Let i be (-3 - -2)*0/1. Suppose -3*m + 7 + 2 = i. What is the units digit of 18 + (1 - m) - -3?
9
Let z = 56 - -5. What is the tens digit of z?
6
Suppose 0 = -2*a + 3*l + 22, -a - 1 = -5*l - 26. Suppose -2*p + a*p = 6. Suppose 0 = -p*o + 6*o - 36. What is the units digit of o?
9
Let h be -1048*2/(-8)*-2. Let l be h/(-26) - (-2)/(-13). Suppose l = r + r. What is the tens digit of r?
1
Let j(l) 